- (-4 + (1 - -7) - (4 - -16)).
3
What is -33 - (-92 - -34) - (7 - -4)?
14
-13 + 102 + (-49 - -4)
44
Evaluate -12 - (60 - -8) - 0.
-80
What is 11 + 0 - (19 + 11 + 4 + 5 - 5)?
-23
What is the value of 1 + -10 + (22 - (-95 + 1 - (204 + -224)))?
87
-47 + (7 - 2) + (-17 + 18 - 11 - 0)
-52
(-1 - -9) + (-13 - -1) - 2
-6
What is -60 + 10 + 0 - -73?
23
What is -2 + 15 + -20 - (36 - 61)?
18
What is the value of (3 - 10) + -8 + 9 - (2 - (-5 - -49))?
36
What is 5 + -22 + -7 + 31 - (48 - 0)?
-41
Calculate 8 - (-9 - -9) - (87 + (31 - 22)).
-88
What is the value of -2 - (3 + -9 + (9 - 10) + 2) - 81?
-78
What is the value of -3 + (-39 + 93 - 98)?
-47
Evaluate (-1 - -4) + -22 - -19 - (-2 + 8 + 70).
-76
Calculate 53 + 4 - 116 - -119.
60
What is -19 + (18 - -2) + (-2 - -4)?
3
15 - (-11 - (-1 - (26 - 15)))
14
What is the value of 343 + -405 - (0 + 0 + -1 - (-178 - -173))?
-66
What is (8 - (0 - (-5 + 6 + -11))) + -8 + -17?
-27
What is -130 - (-3 - -51) - -109?
-69
-21 + 2 + 58 + -41 - (-30 - 0)
28
Calculate (23 - 19) + 13 + -39 + 10.
-12
Calculate 124 + (-98 - 26 - 59).
-59
Evaluate (-83 - -178) + -68 - (-4 - -6 - (1 + 0)).
26
Evaluate 129 - ((-17 - -25 - 0) + 27).
94
Calculate 3 + 17 + -15 - 32 - -92.
65
(26 + -16 - (-8 + -14)) + -2 + -1
29
What is -99 + (-2 - -82) + -69?
-88
Calculate (61 - -1) + -140 + (-80 - -214).
56
What is the value of (65 - 11) + -19 - -2 - -55?
92
(72 - (-82 - -18)) + -68
68
-128 - (-22 - 46) - -54
-6
Evaluate -58 - (8 - 1) - ((9 - -2) + (-34 - -11)).
-53
What is the value of 0 - -2 - -1 - (-55 + 13 + -5 - -26)?
24
What is the value of -55 + (-15 - (1 - (-6 + 18)) - 12)?
-71
What is the value of 39 - -1 - (-28 + 16 + 3)?
49
(14 - 8) + (18 + -39 + 8 - -57)
50
Calculate 7 + (35 - 16) - 15.
11
What is the value of (226 + -147 - 147) + (0 - -11) + -2 + 1?
-58
What is (0 - 6 - (-15 - 12)) + (-25 - -15)?
11
-36 + 1 + (-68 - -76)
-27
What is 125 - (0 - (-26 - -15) - (-7 - -4) - 9)?
120
Evaluate -1 + 90 - ((11 - (-14 - -25)) + 16 - 18).
91
Evaluate -44 - -37 - 1 - -18.
10
Evaluate 37 + 19 + -22 + -17 + 48 + 7.
72
Evaluate 3106 + -3118 - (-1 - 1) - (0 - 1).
-9
What is the value of (6 - (8 + -6)) + (-1 - -8) + 21?
32
Calculate 7 + (-6 + 5 + -12 - (-114 - -96)).
12
Calculate (4 - 17) + (49 - -1) + -9 + -12.
16
(6 - 9) + 17 - ((12 - 3) + (-3 - 2))
10
What is the value of (-913 - -905) + (-68 - 2)?
-78
What is -3 + 2 + 46 + 2 + -3 + 1622 + -1630?
36
What is -74 - 28 - -72 - (1 - -6)?
-37
Calculate 5 + (29 - -5 - 29) + (0 - 48).
-38
What is the value of (-27 - -120) + 32 + 18 + 9 + -16?
136
-68 + 37 - (-9 - 0)
-22
Evaluate (-1401 - -1481) + 1 + -47.
34
What is -29 + 11 + 36 - -30?
48
-4 + (-19 - (-4 - 5) - (-14 + -5 + 13))
-8
Calculate (0 - (1 - (-30 + 11) - -1)) + 10 + -101.
-112
Evaluate 37 + (22 + -29 - 18) + -71.
-59
Calculate (-22 - -14) + 1 + -21 + 58.
30
Evaluate -23 - (-14 - 3) - (18 + -6 + -49 + 11).
20
Evaluate -40 + (27 - 49 - -22) + 187.
147
What is the value of 4 - (13 + 4 + -16) - (-23 - 1)?
27
What is 6673 + -6631 + (-30 - 2 - -1)?
11
Calculate 26 - (7 - 13 - (-393 + 345)).
-16
What is the value of 0 + -3 - (-15 - (-7 + -11)) - -4?
-2
26 + -19 + 1 - 4 - 37
-33
16 + 0 + -5 + 3 + (303 - 223)
94
Evaluate 19 - (30 + -22) - 41.
-30
Evaluate 10 - (149 + -132) - (1 + -46).
38
Calculate (13 + -5 + -12 - (-87 - -21)) + -13.
49
Calculate -46 + 50 + (10 + -10 - -25).
29
What is 4 + -9 + (-5 + 19 - (6 - 2)) + 3?
8
What is the value of 54 + 59 + (141 - 314)?
-60
(-19 - -42 - 21 - 13) + -19
-30
9 - (-9 - ((-1 - -11) + -10) - -3)
15
What is (0 - -3) + -32 + 41 + 17?
29
Evaluate 2 - 7 - (-30 - (34 - 59)) - -22.
22
Evaluate (18 - -22) + (-26 - -34) + 3.
51
-5 + 83 + (-65 - -25 - (-26 - 1))
65
-19 - (51 - ((96 - 127) + 3 + 5))
-93
Calculate (3 - 7) + (24 - 40 - 26 - 15).
-61
Calculate 73 - 82 - ((3 - 6) + 2) - (47 + -1).
-54
-49 + -65 + 28 + 45
-41
11 + (-35 - -24) + (17 - 3) - 22
-8
What is 39 + -27 - (0 - (1 - 101 - 12))?
-100
What is the value of -4 + -63 - ((41 - 20) + -31 + 0 + 2)?
-59
-21 + 1 - (-46 + 3 + (79 - 50))
-6
What is the value of -7 - (-2 + 24) - ((3 - -7) + -2)?
-37
Calculate -26 + (-1 + -3 - -1) + (-110 - -96).
-43
Calculate -3 - -34 - (-61 - (127 - 224)).
-5
-50 + 125 + -60 - (0 + -11 - -1)
25
What is (-44 + -44 - ((-5 - 3) + 3)) + 10?
-73
What is (210 - 213) + -6 + 1 + -2 - -20?
10
Calculate 0 + 42 - 0 - (-46 + 126 - 77).
39
Calculate -4030 + 4081 - (2 + 32).
17
What is -257 + 4 + (1627 - 1490)?
-116
(154 + -168 - (-8 - -4)) + (1 - -21)
12
80 + (-11 - (30 - 40)) - 35
44
What is (-9 - (0 + 1)) + (-62 + 31 - (76 + -7))?
-110
What is the value of (311 - 272) + -1 + -76?
-38
-39 + (0 - 0) + (-245 - (-231 - 11))
-42
Calculate -106 - (7 - 43 - 97).
27
-1 + 11 + (561 - 165) + -520
-114
Evaluate 21 + -18 + -21 + 35 + -1.
16
What is (42 - 11 - 42) + (-4 - -22)?
7
What is (-6 - -21 - 38) + -29 + 70?
18
Evaluate -47 - (-232 - (-21 + -140)).
24
What is the value of (-1 - 15) + -26 + -35 + 81?
4
Evaluate ((6 - -16) + 3 - 8) + -78.
-61
17 - (3 + 21 + 87 + -11)
-83
What is -3 - 5 - (2 - 1) - (30108 + -30241)?
124
Calculate -91 - (-65 - (146 - 75)).
45
Calculate 11 - ((1 - -9 - (56 - 109)) + -9).
-43
Evaluate -37 + 16 + (3 - (-4 - 3)) + 8.
-3
What is the value of 38 + -11 + -16 + 10 + (-11 - -14) + -2?
22
Calculate (-2 - 1) + -130 + 97 + (-22 - -2) - 16.
-72
Calculate (34 + 79 - 101) + -101.
-89
What is -9 + -58 + 77 + 4?
14
Evaluate (9 + -5 - -15) + -5 + (-4 - 10 - -20).
20
What is 45 + 5 + -16 + (-27 - -13) + 25?
45
-16 + (1 - -1 - (-26 - (-114 - -86)))
-16
What is the value of -143 + (15 - -195) + 40?
107
42 - (36 + 37 + -83)
52
Evaluate -6 + -6 + 31 + -31 + -16.
-28
What is 0 + (-19 + 6 - 7) + -18 + 3?
-35
Calculate 394 + -340 + 2 + -44.
12
What is -7 + (0 + 9 - (-59 - -40)) - (-2 - -1)?
22
What is 124 - (-2 - (-262 - -96))?
-40
What is (-28 - (-4 + -8 - -24)) + (1 - 2)?
-41
What is the value of 14 + 6 + (8 + 1 - -39 - 23)?
45
What is the value of (12 - 2) + -2 + 23 + 326 + -451 + 8?
-86
What is the value of 8 + -24 - (-11 - (13 - -46))?
54
Evaluate 33 - (22 - 21 - 4 - 16).
52
Evaluate (-1 - -24) + (16063 - 16152).
-66
What is (34 - 37) + -21 + -24?
-48
-44 + -79 - -106 - 84
-101
Evaluate -61 + (-58 - -183) + -82.
-18
What is -24 + -5 + (46 - 6)?
11
What is -45 - (-5 + -18) - (21 - 34) - (1 - 36)?
26
(-51 - -57) + -35 + 4 + -8
-33
Evaluate (1660 - 1661) + -24 + 0.
-25
What is the value of 8 - (-136 - (4 - 29 - 1))?
118
Evaluate -31 + 28 + 0 + 2 + -82 - (-88 - -79).
-74
What is (-20 - (-15 + -1)) + (-2 - 0 - (-8 - 55))?
57
What is the value of 71 + (0 - 10) + (-4 - -16) + -6 + -5?
62
Evaluate 95 + -11 - (45 + -27 - 32).
98
Evaluate (0 - 29) + (-760 - -799).
10
(-17 - (-37 + -3) - -30) + -5
48
Evaluate -64 + 48 + 50 + 11.
45
What is 13 - ((-34 - -15) + -12)?
44
What is -39 - (48 - 74) - (38 + -21)?
-30
What is (1 - (1 + 2 + -1)) + -2572 + 2594?
21
What is the value of 48 + (29 - (-85 - -139) - (-18 + 0))?
41
Calculate -13 + 6 - (32 + 30 + -40).
-29
What is the value of (-1 - 21) + (290 - (-108 - -290))?
86
What is (-14 - -6 - -9 - -2) + (0 - 14)?
-11
Calculate -286 - -191 - (21 + -1).
-115
What is 7 + -3 + 14 + (1 + (5 - 23) - -52)?
53
Evaluate -36 + (-46 - (18 - -3 - 48)).
-55
(11 - -35) + 63 - 47
62
What is the value of 42 - (-32 + 131) - -147?
90
What is the value of 11 - (7 + (-18 - 4))?
26
What is -198 - -128 - -17 - -114?
61
Calculate 106 + -78 + (-6 - 21) + 10.
11
What is the value of 98 - (84 + -51 + -27)?
92
Evaluate -1867 - -1928 - (11 + -2 + -1) - -10.
63
Evaluate (-48 - (43 + -64)) + (-2 - 12) + (11 - -1).
-29
What is the value of 51 - (104 + -45 - 34)?
26
What is the value of -24 + 13 + (171 - 132)?
28
Calculate 37 + -83 - -48 - -4.
6
Evaluate -15 + -8 + 16 + (3 + 28 - 2).
22
-66 + 212 + -61 + -36
49
(644 - 769) + 4 + -5 + 20
-106
Calculate (-38 - 57) + 40 + 105.
50
What is the value of 1 + 4 - ((2194 - 2209) + (-17 - (1 + 0)))?
38
What is (-1 + -33 - -41) + -32?
-25
13 + -1 - (34 - -46 - 23)
-45
3 - (-4 + 70) - (17 + -19 + -11)
-50
29 - (-10 + -62 + 49)
52
What is the value of 3 - -9 - ((-107 - 1) + (-34 - -13) + 37)?
104
What is 0 + -13 + 0 + (89 + -164 - -47)?
-41
What is -10 - ((21 - 26) + -32) - (-4 - -1)?
30
Evaluate (-18 - (2 - 0) - -4) + 17 + 40 + 0.
41
Evaluate -51 - 1 - (48 + -1 - 69).
-30
What is the value of 20011 + -20